 -19 + 51. What is the tens digit of b?
3
Let h = 15 + -11. Suppose h*p + 0*p = 4. What is the units digit of p?
1
Suppose 5*x = 2*p - 86, -4*p - x + 128 = -0*p. Let m = p - 22. What is the units digit of m?
1
Let j = 10 - 4. What is the units digit of 42/5 - j/15?
8
Let b(w) = -w**2 - 7*w - 4. Let t be b(-6). What is the units digit of (-1 - -2)/(t/30)?
5
Let l be (0/3)/2 + 2. Suppose 2*z - 2 = l. Suppose -4*n = -5*v - 6*n + z, -4*v + 3*n = -20. What is the units digit of v?
2
Suppose 0*j = 5*j - 110. Let s = -13 - -15. Suppose 2*y = -5*v + j, -s*y - y = v - 20. What is the units digit of y?
6
Let y be 159/(-15) - 9/(-15). Let f be (16/y)/((-1)/5). Suppose 0 = -x + 7 + f. What is the tens digit of x?
1
Let a(s) = s**2 + 2*s - 13. Let m = -21 - -14. What is the units digit of a(m)?
2
Suppose -3*w + 8 = w. Let h be (-1)/w - 9/6. What is the units digit of h/(-3) - 1/(-3)?
1
Let n = -276 - -473. What is the hundreds digit of n?
1
What is the units digit of (7/(-3))/((-16)/432)?
3
Let l = 2 - 0. Suppose -l*r - 2*r = -12. What is the units digit of (-6)/r*(0 + -3)?
6
Suppose -3*r - 3 = 0, -j + 2*r + 97 = -r. What is the tens digit of j?
9
Let g be (-1)/2*(-2)/1. Let r(j) = -7*j + 11*j + 6*j. What is the tens digit of r(g)?
1
Suppose -180 = 5*h + 5*c, -3*h - 186 = 2*h - c. Suppose 4*l + 21 = 3*x - 60, 0 = 5*l + 3*x + 81. Let z = l - h. What is the tens digit of z?
1
Let j = 73 + 27. Suppose 4*b + 0*b = j. Suppose 8*q - b = 3*q. What is the units digit of q?
5
Let k(h) = h**3 + 5*h**2 - 6*h - 3. Let s be k(-6). Let a(q) = -2*q + 3. What is the units digit of a(s)?
9
Let x(r) = -3*r**3 - r**2 + 5*r + 5. Let q(m) = -2*m**2. Let s be q(1). What is the tens digit of x(s)?
1
Let w = -2 + 4. Suppose 7 - w = -c. Let z(p) = -p**2 - 8*p - 6. What is the units digit of z(c)?
9
Suppose 0*l + 25 = -l. What is the tens digit of (4 - 3) + l/(-1)?
2
Suppose -6*u + 434 = -994. What is the hundreds digit of u?
2
Let i = 74 + 20. What is the units digit of i?
4
Suppose -3*y + y = -4. Suppose 3*v + y*l - 53 = 6*l, 20 = -4*l. Let c = 21 - v. What is the tens digit of c?
1
Let t = -4 + 8. Let c = 7 - t. What is the units digit of c?
3
Let d(p) = p**3 + 11*p**2 + 9*p - 9. Let a = -4 - 6. What is the units digit of d(a)?
1
Let x(c) = 47*c**2 + 5*c + 2. What is the tens digit of x(2)?
0
Let l = 3 + -1. Suppose l*h = -5*s + 34, -1 = 2*h - 3*s - 3. What is the units digit of h?
7
Suppose 0*g + 126 = 3*g. What is the tens digit of g*(-1)/3*-1?
1
What is the units digit of (-3)/(-18)*-2 + (-1244)/(-6)?
7
Let w(c) be the third derivative of c**4/24 + c**3/2 + 2*c**2. What is the units digit of w(5)?
8
Suppose -3 - 13 = -4*g. Suppose 3*z - 15 = -0, -z = -g*b + 3. What is the units digit of b?
2
Let o(g) = g**2 - 3*g + 4. Suppose -5*d + 22 - 7 = 0. What is the units digit of o(d)?
4
Let r = 7 + 6. What is the units digit of r?
3
Suppose 0 = 3*i + 5*m - 25, 4*i - 5*m = i + 5. Suppose -4*y - a = -29, 0 = i*a - 19 - 6. Let o = y - 1. What is the units digit of o?
5
Suppose 0 = 6*q - 3*q + 33. Let o = -18 - -33. Let b = q + o. What is the units digit of b?
4
Suppose -4*j - j + 40 = 0. Suppose j = w + w. Suppose w = y - 13. What is the units digit of y?
7
Suppose n - 2*n - 21 = -4*l, -4*n - l - 33 = 0. Let y be 2 + n/(1 + 2). What is the tens digit of 1 - (-2 - y) - -10?
1
Let u(v) = 2*v**2 - 3*v. Suppose -2*x + 4 = 2*x. Let k(r) = 3*r**2 - 2*r + 1. Let b be k(x). What is the units digit of u(b)?
2
Let z be (8/4 + -2)/(-1). Suppose -4*a + 205 - 29 = z. What is the units digit of a?
4
Let v = 372 + -214. What is the hundreds digit of v?
1
Suppose -t + 6*t + 1 = -4*v, 3*t + 39 = 4*v. Suppose p - v + 0 = 0. What is the units digit of p?
6
Suppose 29*v = 34*v - 610. What is the hundreds digit of v?
1
Let m(c) = 69*c**2 + 2*c - 2. What is the tens digit of m(1)?
6
Suppose 3*m - 5888 = -13*m. What is the hundreds digit of m?
3
Let j(t) = 3*t - 4. Let d be j(5). Let g(b) = -7*b + d*b**2 - b**2 - b**3 - 1 - 7. What is the tens digit of g(9)?
1
Let k(q) = q**3 - 8 + 9*q + 0 + 0 - 4*q**2 + 15*q**2. Let c be k(-10). What is the units digit of 10*(24/10 - c)?
4
Let o(j) = j**2 - 2*j - 3. Let d(g) = -6 + 6 - 3*g**2 + g. Let s be d(1). What is the units digit of o(s)?
5
Let g(q) = -3*q - 19. Let v be g(-8). Suppose -49 = -d - 4*a + 2*a, 5*d + v*a = 225. What is the tens digit of d?
4
Suppose -3*o - 11 = 5*l - l, 0 = -o - 2*l - 3. Let y = 9 + o. Suppose -y*m + 4 = -5*j + 2, 2*j - 19 = -5*m. What is the units digit of m?
3
Let k be 0*1/(-6)*-3. Let w be -1*(-2 + k + 6). What is the units digit of -3*(-3 - w/3)?
5
Let z = 40 + -20. What is the units digit of z?
0
Suppose 55 = 5*m - 10. Suppose 5*h = -3*v + 110, 0 = -3*h - v + 49 + m. What is the tens digit of h?
1
What is the tens digit of (-171)/(-12)*(-4 + 8)?
5
Let l(f) = 6*f**2 - 1. Let y be l(1). Suppose 4*b = -b + s + 21, s - 19 = -y*b. Suppose -13 + 41 = b*q. What is the units digit of q?
7
Let x = -5 - -4. What is the units digit of 2*x/(4/(-6))?
3
Suppose 3*c - 3 = 2*c. Let m(y) be the second derivative of y**3/3 + 3*y**2/2 + y. What is the units digit of m(c)?
9
Let o = 7 - 3. Let g = 5 - o. What is the units digit of g?
1
Let y = 32 - -49. What is the units digit of y?
1
Let o(w) = -w**2 + 4*w + 3. Let u be o(3). Let b = u - 4. What is the units digit of b?
2
Let z = 9 - 5. Suppose -z*v + v = -15. Suppose -p + v = -1. What is the units digit of p?
6
Let c(o) = o**2 + 6*o - 1. Let d be c(-7). Suppose 5*i = d + 19. Suppose 15 = 3*l, i*z + 3*l - 37 = -2. What is the units digit of z?
4
Let o be (-5 + -2)*72/(-21). What is the tens digit of ((-32)/3)/(o/(-36))?
1
Suppose 52 = 3*k - 149. What is the units digit of k?
7
Let o(u) = u + 10. Let i be o(-5). Let v(r) be the second derivative of -r**4/12 + r**3 + r**2 - 5*r. What is the units digit of v(i)?
7
What is the units digit of (-10)/(-3)*60/10?
0
Let q(i) = -2*i**2 - 15*i + 19. Let l(c) = c**2 + 8*c - 10. Let s(v) = -7*l(v) - 3*q(v). What is the tens digit of s(-10)?
2
Suppose d + d - 90 = 0. Suppose 4*a - 36 = 2*m, -4*m = -5*a - 0*a + d. What is the units digit of a?
9
Suppose 2*p + 1 = 11, -2*w - 5*p + 19 = 0. Let v be (-2)/(-6) + 10/w. Let o = 23 + v. What is the tens digit of o?
2
Let l be (18 + -2)/((-4)/6). Let s = l - -36. What is the units digit of s?
2
Suppose 3*i + 2 = 2*p - 89, -4*i = -4*p + 120. Let j = 65 + i. What is the units digit of j?
4
Let d(c) = -c + 11. What is the units digit of d(0)?
1
Let k(l) be the third derivative of l**6/120 + l**5/15 - 2*l**3/3 - 3*l**2. Let m = -5 + 2. What is the units digit of k(m)?
5
What is the tens digit of (-1 + -4)/(-5) - -65?
6
Suppose 5*d - 248 = -3*g - g, -5*g + 3*d + 310 = 0. What is the tens digit of g?
6
Let o(n) = 6*n - 9. Let c(p) = -p**3 + 2*p. Let r be c(-2). What is the units digit of o(r)?
5
Suppose -2*q + 5*r + 61 = 0, -5*r + 2 + 13 = 0. Suppose 2*i = q + 2. Suppose 0 = j - 0 - i. What is the units digit of j?
0
Suppose 0*a - 3*a = 3*m, -2*m = 5*a + 3. What is the units digit of -3 - -9*1*m?
6
Let o = 25 + -36. Suppose 4*k - 2 - 2 = 0. What is the tens digit of -1*o/(k + 0)?
1
Suppose -5*r = -r - 48. What is the units digit of 15/r - 3/12?
1
What is the tens digit of (3 + -1)*234/12?
3
Let j(z) be the first derivative of -z**2 + 4*z - 1. Let v be j(-8). What is the units digit of 2/(-4) + v/8?
2
Suppose 4*d - 116 = -2*a, 3*d + d - 112 = -3*a. What is the units digit of d?
1
Suppose 0 = -5*y - 3*a + 763, 4 = 2*a + 2. What is the units digit of y?
2
What is the tens digit of 9/27 + 394/6?
6
Suppose 0 = 2*n - 7 - 3. Suppose -2*r + 3*x - n + 14 = 0, -5*r = 3*x - 75. What is the units digit of r?
2
Suppose 2*w - 76 = 4*w. Let p = w + 67. Suppose 2*k + 3*o = 43, 5*k + 5*o + p = 134. What is the tens digit of k?
2
Suppose -5 = -s - 4*s. What is the tens digit of s - (-1 - -3) - -11?
1
Suppose 0 = -2*l - 0*l - 5*s + 208, 212 = 2*l + 4*s. What is the tens digit of l?
1
Suppose 0 = -3*u - 0*u + 84. Let p = -6 + u. Suppose -5*a + 2*a + 2*o = -p, 3*a + 5*o - 29 = 0. What is the units digit of a?
8
Suppose z + 2 = -5*v + 8, 16 = 4*v - 2*z. Suppose -8 = v*l - 0*l. Let h = l - -9. What is the units digit of h?
5
Suppose -3*v = -9, 4*t - 37 = 2*v - v. Let h(n) = -8*n + 2. Let u be h(-4). Suppose -2*d = -4*w + u + t, -2*w + 14 = 3*d. What